[INFO] cloning repository https://github.com/Turnierserver/API
[INFO] running `Command { std: "git" "-c" "credential.helper=" "-c" "credential.helper=/workspace/cargo-home/bin/git-credential-null" "clone" "--bare" "https://github.com/Turnierserver/API" "/workspace/cache/git-repos/https%3A%2F%2Fgithub.com%2FTurnierserver%2FAPI", kill_on_drop: false }`
[INFO] [stderr] Cloning into bare repository '/workspace/cache/git-repos/https%3A%2F%2Fgithub.com%2FTurnierserver%2FAPI'...
[INFO] running `Command { std: "git" "rev-parse" "HEAD", kill_on_drop: false }`
[INFO] [stdout] fc3244daf2477604ed1b7eaa083c099d1c119178
[INFO] checking Turnierserver/API against master#9610dfe5a9a731ced1ea4923ecbd0c57fe367898 for beta-170-4
[INFO] running `Command { std: "git" "clone" "/workspace/cache/git-repos/https%3A%2F%2Fgithub.com%2FTurnierserver%2FAPI" "/workspace/builds/worker-0-tc1/source", kill_on_drop: false }`
[INFO] [stderr] Cloning into '/workspace/builds/worker-0-tc1/source'...
[INFO] [stderr] done.
[INFO] validating manifest of git repo https://github.com/Turnierserver/API on toolchain 9610dfe5a9a731ced1ea4923ecbd0c57fe367898
[INFO] running `Command { std: CARGO_HOME="/workspace/cargo-home" RUSTUP_HOME="/workspace/rustup-home" "/workspace/cargo-home/bin/cargo" "+9610dfe5a9a731ced1ea4923ecbd0c57fe367898" "metadata" "--manifest-path" "Cargo.toml" "--no-deps", kill_on_drop: false }`
[INFO] started tweaking git repo https://github.com/Turnierserver/API
[INFO] finished tweaking git repo https://github.com/Turnierserver/API
[INFO] tweaked toml for git repo https://github.com/Turnierserver/API written to /workspace/builds/worker-0-tc1/source/Cargo.toml
[INFO] crate git repo https://github.com/Turnierserver/API already has a lockfile, it will not be regenerated
[INFO] running `Command { std: CARGO_HOME="/workspace/cargo-home" RUSTUP_HOME="/workspace/rustup-home" "/workspace/cargo-home/bin/cargo" "+9610dfe5a9a731ced1ea4923ecbd0c57fe367898" "fetch" "--manifest-path" "Cargo.toml", kill_on_drop: false }`
[INFO] [stderr]     Updating crates.io index
[INFO] [stderr]     Updating git repository `https://github.com/mhallin/juniper`
[INFO] [stderr]  Downloading crates ...
[INFO] [stderr]   Downloaded serde_codegen_internals v0.14.2
[INFO] [stderr]   Downloaded handlebars v0.25.3
[INFO] [stderr]   Downloaded rocket_contrib v0.2.6
[INFO] [stderr]   Downloaded uuid v0.4.0
[INFO] [stderr]   Downloaded quick-error v1.2.0
[INFO] [stderr]   Downloaded backtrace v0.3.0
[INFO] [stderr]   Downloaded state v0.2.1
[INFO] [stderr]   Downloaded pq-sys v0.4.3
[INFO] [stderr]   Downloaded bcrypt v0.1.3
[INFO] [stderr]   Downloaded diesel_codegen v0.12.0
[INFO] [stderr]   Downloaded rocket_codegen v0.2.6
[INFO] [stderr]   Downloaded derive-error-chain v0.10.0
[INFO] [stderr]   Downloaded dotenv v0.10.0
[INFO] [stderr]   Downloaded thread-id v3.0.0
[INFO] [stderr]   Downloaded serde_derive v0.9.15
[INFO] [stderr]   Downloaded cookie v0.6.2
[INFO] [stderr]   Downloaded gcc v0.3.45
[INFO] [stderr]   Downloaded encode_unicode v0.1.3
[INFO] [stderr]   Downloaded rustyline v1.0.0
[INFO] [stderr]   Downloaded mime v0.2.3
[INFO] [stderr]   Downloaded pest v0.3.3
[INFO] [stderr]   Downloaded chrono v0.3.0
[INFO] [stderr]   Downloaded hyper v0.10.9
[INFO] [stderr]   Downloaded idna v0.1.1
[INFO] [stderr]   Downloaded rocket v0.2.6
[INFO] [stderr]   Downloaded diesel v0.12.1
[INFO] running `Command { std: "docker" "create" "-v" "/var/lib/crater-agent-workspace/builds/worker-0-tc1/target:/opt/rustwide/target:rw,Z" "-v" "/var/lib/crater-agent-workspace/builds/worker-0-tc1/source:/opt/rustwide/workdir:ro,Z" "-v" "/var/lib/crater-agent-workspace/cargo-home:/opt/rustwide/cargo-home:ro,Z" "-v" "/var/lib/crater-agent-workspace/rustup-home:/opt/rustwide/rustup-home:ro,Z" "-e" "SOURCE_DIR=/opt/rustwide/workdir" "-e" "CARGO_TARGET_DIR=/opt/rustwide/target" "-e" "CARGO_HOME=/opt/rustwide/cargo-home" "-e" "RUSTUP_HOME=/opt/rustwide/rustup-home" "-w" "/opt/rustwide/workdir" "-m" "1610612736" "--user" "0:0" "--network" "none" "ghcr.io/rust-lang/crates-build-env/linux@sha256:19e73879b68f455e41552ea35293514db52ea292d993f571636dbffedb77a1ee" "/opt/rustwide/cargo-home/bin/cargo" "+9610dfe5a9a731ced1ea4923ecbd0c57fe367898" "metadata" "--no-deps" "--format-version=1", kill_on_drop: false }`
[INFO] [stdout] 94ed010c2cf7868c599b76b5e69f9ede4b94956ca088e79a72a306b741a7b80b
[INFO] running `Command { std: "docker" "start" "-a" "94ed010c2cf7868c599b76b5e69f9ede4b94956ca088e79a72a306b741a7b80b", kill_on_drop: false }`
[INFO] running `Command { std: "docker" "inspect" "94ed010c2cf7868c599b76b5e69f9ede4b94956ca088e79a72a306b741a7b80b", kill_on_drop: false }`
[INFO] running `Command { std: "docker" "rm" "-f" "94ed010c2cf7868c599b76b5e69f9ede4b94956ca088e79a72a306b741a7b80b", kill_on_drop: false }`
[INFO] [stdout] 94ed010c2cf7868c599b76b5e69f9ede4b94956ca088e79a72a306b741a7b80b
[INFO] running `Command { std: "docker" "create" "-v" "/var/lib/crater-agent-workspace/builds/worker-0-tc1/target:/opt/rustwide/target:rw,Z" "-v" "/var/lib/crater-agent-workspace/builds/worker-0-tc1/source:/opt/rustwide/workdir:ro,Z" "-v" "/var/lib/crater-agent-workspace/cargo-home:/opt/rustwide/cargo-home:ro,Z" "-v" "/var/lib/crater-agent-workspace/rustup-home:/opt/rustwide/rustup-home:ro,Z" "-e" "SOURCE_DIR=/opt/rustwide/workdir" "-e" "CARGO_TARGET_DIR=/opt/rustwide/target" "-e" "CARGO_INCREMENTAL=0" "-e" "RUST_BACKTRACE=full" "-e" "RUSTFLAGS=--cap-lints=forbid" "-e" "RUSTDOCFLAGS=--cap-lints=forbid" "-e" "CARGO_HOME=/opt/rustwide/cargo-home" "-e" "RUSTUP_HOME=/opt/rustwide/rustup-home" "-w" "/opt/rustwide/workdir" "-m" "1610612736" "--user" "0:0" "--network" "none" "ghcr.io/rust-lang/crates-build-env/linux@sha256:19e73879b68f455e41552ea35293514db52ea292d993f571636dbffedb77a1ee" "/opt/rustwide/cargo-home/bin/cargo" "+9610dfe5a9a731ced1ea4923ecbd0c57fe367898" "check" "--frozen" "--all" "--all-targets" "--message-format=json", kill_on_drop: false }`
[INFO] [stdout] 2f8458d2edcc078b3bbea0bfaf07daf4751cc5c5c5faeaafff498734a0771b33
[INFO] running `Command { std: "docker" "start" "-a" "2f8458d2edcc078b3bbea0bfaf07daf4751cc5c5c5faeaafff498734a0771b33", kill_on_drop: false }`
[INFO] [stderr]     Checking libc v0.2.22
[INFO] [stderr]    Compiling gcc v0.3.45
[INFO] [stderr]    Compiling version_check v0.1.0
[INFO] [stderr]    Compiling ansi_term v0.9.0
[INFO] [stderr]     Checking num-traits v0.1.37
[INFO] [stderr]    Compiling unicode-xid v0.0.4
[INFO] [stderr]    Compiling matches v0.1.4
[INFO] [stderr]    Compiling quote v0.3.15
[INFO] [stderr]    Compiling unicode-normalization v0.1.4
[INFO] [stderr]    Compiling dbghelp-sys v0.2.0
[INFO] [stderr]    Compiling unicase v1.4.0
[INFO] [stderr]    Compiling hyper v0.10.9
[INFO] [stderr]    Compiling unicode-bidi v0.2.5
[INFO] [stderr]    Compiling synom v0.11.3
[INFO] [stderr]    Compiling pq-sys v0.4.3
[INFO] [stderr]    Compiling winapi v0.2.8
[INFO] [stderr]     Checking unreachable v0.1.1
[INFO] [stderr]    Compiling syn v0.11.11
[INFO] [stderr]    Compiling kernel32-sys v0.2.2
[INFO] [stderr]     Checking log v0.3.7
[INFO] [stderr]    Compiling backtrace v0.3.0
[INFO] [stderr]     Checking time v0.1.37
[INFO] [stderr]     Checking memchr v1.0.1
[INFO] [stderr]    Compiling rocket v0.2.6
[INFO] [stderr]     Checking thread-id v3.0.0
[INFO] [stderr]    Compiling thread-id v2.0.0
[INFO] [stderr]     Checking num-integer v0.1.34
[INFO] [stderr]     Checking aho-corasick v0.6.3
[INFO] [stderr]     Checking thread_local v0.3.3
[INFO] [stderr]    Compiling memchr v0.1.11
[INFO] [stderr]     Checking rand v0.3.15
[INFO] [stderr]     Checking serde v0.9.15
[INFO] [stderr]     Checking regex-syntax v0.4.0
[INFO] [stderr]     Checking num-iter v0.1.33
[INFO] [stderr]    Compiling aho-corasick v0.5.3
[INFO] [stderr]    Compiling thread_local v0.2.7
[INFO] [stderr]    Compiling mime v0.2.3
[INFO] [stderr]    Compiling num_cpus v1.4.0
[INFO] [stderr]     Checking idna v0.1.1
[INFO] [stderr]    Compiling num v0.1.37
[INFO] [stderr]    Compiling backtrace-sys v0.1.10
[INFO] [stderr]    Compiling rust-crypto v0.2.36
[INFO] [stderr]    Compiling language-tags v0.2.2
[INFO] [stderr]    Compiling typeable v0.1.2
[INFO] [stderr]     Checking lazy_static v0.2.8
[INFO] [stderr]     Checking dtoa v0.4.1
[INFO] [stderr]     Checking itoa v0.3.1
[INFO] [stderr]     Checking httparse v1.2.2
[INFO] [stderr]    Compiling traitobject v0.1.0
[INFO] [stderr]     Checking cfg-if v0.1.0
[INFO] [stderr]    Compiling regex-syntax v0.3.9
[INFO] [stderr]    Compiling utf8-ranges v0.1.3
[INFO] [stderr]    Compiling rustc-serialize v0.3.24
[INFO] [stderr]    Compiling term v0.4.5
[INFO] [stderr]     Checking rustc-demangle v0.1.4
[INFO] [stderr]    Compiling chrono v0.3.0
[INFO] [stderr]    Compiling uuid v0.4.0
[INFO] [stderr]     Checking term-painter v0.2.3
[INFO] [stderr]     Checking regex v0.2.1
[INFO] [stderr]     Checking url v1.4.0
[INFO] [stderr]    Compiling rocket_codegen v0.2.6
[INFO] [stderr]    Compiling byteorder v1.0.0
[INFO] [stderr]    Compiling state v0.2.1
[INFO] [stderr]     Checking quick-error v1.2.0
[INFO] [stdout] error[E0557]: feature has been removed
[INFO] [stdout]  --> /opt/rustwide/cargo-home/registry/src/index.crates.io-6f17d22bba15001f/state-0.2.1/src/lib.rs:1:12
[INFO] [stdout]   |
[INFO] [stdout] 1 | #![feature(const_fn)]
[INFO] [stdout]   |            ^^^^^^^^ feature has been removed
[INFO] [stdout]   |
[INFO] [stdout]   = note: split into finer-grained feature gates
[INFO] [stdout] 
[INFO] [stdout] 
[INFO] [stdout] error: aborting due to previous error
[INFO] [stdout] 
[INFO] [stdout] 
[INFO] [stdout] For more information about this error, try `rustc --explain E0557`.
[INFO] [stdout] 
[INFO] [stderr]     Checking pest v0.3.3
[INFO] [stderr] error: could not compile `state` (lib) due to 2 previous errors
[INFO] [stderr] warning: build failed, waiting for other jobs to finish...
[INFO] [stdout] error[E0713]: borrow may still be in use when destructor runs
[INFO] [stdout]    --> /opt/rustwide/cargo-home/registry/src/index.crates.io-6f17d22bba15001f/url-1.4.0/src/form_urlencoded.rs:246:40
[INFO] [stdout]     |
[INFO] [stdout] 244 | impl<'a> Target for ::UrlQuery<'a> {
[INFO] [stdout]     |      -- lifetime `'a` defined here
[INFO] [stdout] 245 |     fn as_mut_string(&mut self) -> &mut String { &mut self.url.serialization }
[INFO] [stdout] 246 |     fn finish(self) -> &'a mut ::Url { self.url }
[INFO] [stdout]     |                                        ^^^^^^^^ - here, drop of `self` needs exclusive access to `*self.url`, because the type `UrlQuery<'_>` implements the `Drop` trait
[INFO] [stdout]     |                                        |
[INFO] [stdout]     |                                        returning this value requires that `*self.url` is borrowed for `'a`
[INFO] [stdout] 
[INFO] [stdout] 
[INFO] [stdout] error[E0713]: borrow may still be in use when destructor runs
[INFO] [stdout]    --> /opt/rustwide/cargo-home/registry/src/index.crates.io-6f17d22bba15001f/url-1.4.0/src/form_urlencoded.rs:246:40
[INFO] [stdout]     |
[INFO] [stdout] 244 | impl<'a> Target for ::UrlQuery<'a> {
[INFO] [stdout]     |      -- lifetime `'a` defined here
[INFO] [stdout] 245 |     fn as_mut_string(&mut self) -> &mut String { &mut self.url.serialization }
[INFO] [stdout] 246 |     fn finish(self) -> &'a mut ::Url { self.url }
[INFO] [stdout]     |                                        ^^^^^^^^ - here, drop of `self` needs exclusive access to `*self.url`, because the type `UrlQuery<'_>` implements the `Drop` trait
[INFO] [stdout]     |                                        |
[INFO] [stdout]     |                                        returning this value requires that `*self.url` is borrowed for `'a`
[INFO] [stdout] 
[INFO] [stdout] 
[INFO] [stdout] error: aborting due to previous error
[INFO] [stdout] 
[INFO] [stdout] 
[INFO] [stdout] For more information about this error, try `rustc --explain E0713`.
[INFO] [stdout] 
[INFO] [stderr] error: could not compile `url` (lib) due to 2 previous errors
[INFO] [stdout] error: aborting due to previous error
[INFO] [stdout] 
[INFO] [stdout] 
[INFO] [stdout] For more information about this error, try `rustc --explain E0713`.
[INFO] [stdout] 
[INFO] [stderr] error: could not compile `url` (lib) due to 2 previous errors
[INFO] running `Command { std: "docker" "inspect" "2f8458d2edcc078b3bbea0bfaf07daf4751cc5c5c5faeaafff498734a0771b33", kill_on_drop: false }`
[INFO] running `Command { std: "docker" "rm" "-f" "2f8458d2edcc078b3bbea0bfaf07daf4751cc5c5c5faeaafff498734a0771b33", kill_on_drop: false }`
[INFO] [stdout] 2f8458d2edcc078b3bbea0bfaf07daf4751cc5c5c5faeaafff498734a0771b33
